. Suppose 57 = 3*g - 3*k - m*k, 4*g - 5*k = 74. What is the units digit of g?
1
Suppose -4*j + 3*s = -256, -5*j - 2*s = s - 320. Suppose x - 5*x = -j. What is the tens digit of x?
1
Suppose 0 = -10*v + 29548 + 2662. What is the tens digit of v?
2
Suppose 33*q - 53129 - 22804 = 0. What is the tens digit of q?
0
Let p = 5604 - 2871. What is the hundreds digit of p?
7
Suppose -72226 = -24*q + 2*q. What is the tens digit of q?
8
Let u = 24 + -22. Suppose u*d - 3*f = 17, 4*d - 29 - 13 = -2*f. What is the tens digit of d?
1
Let w(b) = -b**2 + 9*b - 5. Let v be 18/6 - (-6)/(-2). Suppose v = 5*l - l - 28. What is the units digit of w(l)?
9
Let b(n) be the first derivative of 2*n**3/3 - 2*n**2 - n - 12. Suppose -2*l + 4 + 4 = 0. What is the units digit of b(l)?
5
Suppose -270 = -u - 3*m, 0*m - 556 = -2*u + 2*m. What is the tens digit of (-1)/((-3)/u*1)?
9
Let f(k) = -k**2 + 15*k - 32. Let y be f(12). Suppose 2*l + y*l - 666 = 0. What is the hundreds digit of l?
1
Suppose 4*j + 5 = 3*j, 2*p - 2*j - 32 = 0. Suppose d - 750 = -5*n, 9*n - p*n + 288 = -2*d. What is the hundreds digit of n?
1
Let p = 58 - 23. Suppose -7*y + 10*y + 140 = -4*h, 0 = 5*y - 4*h + 180. What is the units digit of -4*4/y*p?
4
Let x = 6129 + -2442. What is the hundreds digit of x?
6
Let q = 174 + -85. Let c = -21 + q. Suppose 2*r = -2*r + c. What is the tens digit of r?
1
Let k(w) = 4*w**3 - 7*w**2 - 11*w - 15. Let c be k(7). Suppose 10*o = c + 53. What is the tens digit of o?
9
Let x = 51 + -71. Let m be (-56)/x + (-16)/20. What is the units digit of 140/(-6)*(-3)/m?
5
Let p = -67 - -69. Suppose -891 = -3*z - 3*i, 5*z - 536 = p*i + 928. What is the hundreds digit of z?
2
What is the hundreds digit of ((-24)/18 - 1558/(-3)) + 4?
5
What is the tens digit of -69*((1068/(-18))/2 + 3)?
4
Suppose 4 = -4*s + 2*s - 4*q, -5*q - 8 = s. Suppose -3*v + 560 = s*v. What is the units digit of v?
2
Let h be (-60)/(-3) - 2 - 4. Let x = -12 + h. Suppose 34 = x*g - 12. What is the units digit of g?
3
Let b(r) = 75*r - 2. What is the hundreds digit of b(2)?
1
Let t = -11 + 103. Let w = 142 - t. What is the units digit of w?
0
Let g(h) = -h**3 - 2*h. Let y be g(-3). Let u = 63 - y. Suppose a = -13 + u. What is the tens digit of a?
1
Let b(d) = 190*d**3 - 3*d**2 + 2. Let n be b(1). Suppose -1275 + n = -6*u. What is the tens digit of u?
8
Suppose -4*a - 2*f + 422 = 0, -2*a + 67 = -2*f - 135. What is the hundreds digit of a?
1
Suppose 3*x + k - 1111 = 0, 5*k - 2187 = -4*x - 713. What is the hundreds digit of x?
3
Let q(x) = 13*x**2 + x + 2. Suppose 0 = -2*d + d - 2*k, -2*k = 2. What is the tens digit of q(d)?
5
Let t be ((-4)/(-8))/(5/1010). Let u = 53 + t. What is the units digit of u?
4
Let u(m) = -2*m - 10. Let f be u(-6). Suppose 207 = 2*c + 2*k + 19, -160 = -f*c + 5*k. What is the tens digit of c?
9
Let i = -10 + 40. Suppose u - r + 8 = 2*r, -5*u + i = -r. What is the units digit of u?
7
Suppose -p = 3*t + 5, 0*p + 2*p - 5*t = -10. Let b = p - -10. Suppose 2*g = -b*s + 90, 3*g = -6*s + 3*s + 45. What is the tens digit of s?
2
Let k = -39 + 50. Let l(i) = 16*i - 43. What is the tens digit of l(k)?
3
Suppose 24170 = 61*f - 22983. What is the tens digit of f?
7
Let o(n) = 43*n + 80. What is the units digit of o(17)?
1
Suppose -5*l = -8*l + 2022. What is the tens digit of (l/8 - 1) + 11/(-44)?
8
Let p(z) = 129*z + 101. What is the tens digit of p(9)?
6
Let x(z) = z - 3. Let o(s) = -s + 2. Let u(q) = -5*o(q) - 2*x(q). Let j be 4/((-1)/(-2) - 0). What is the tens digit of u(j)?
2
Suppose 2*l = -2*w + 66, 0 = 3*w + 4*l - 78 - 16. Let i = w + -21. What is the units digit of i?
7
Suppose 5*r - 11798 = -1973. What is the thousands digit of r?
1
Let o = -82 + 58. Let t = 119 + o. What is the units digit of t?
5
Let v(z) = 2*z**2 - 2*z - 4. Let i be v(-4). Suppose -5*s = -2*t - 139 - i, 0 = -s + 5*t + 58. What is the units digit of s?
3
Let r(n) be the second derivative of -5*n**3/3 - 5*n**2 + 5*n. Let y be r(-9). Suppose -v = -3*i + y, 4*i - v - 3*v - 120 = 0. What is the units digit of i?
5
Suppose u + 4*u - 45 = 0. Suppose -u = 3*c + 12. What is the units digit of (-37)/c + 12/(-42)?
5
What is the hundreds digit of 12/(-10)*(-65)/39 + 715?
7
What is the tens digit of 222 - 0 - -6 - -5?
3
Let s = 2804 - 1792. What is the tens digit of s?
1
Let q(o) = 30*o**2 - 1. Let z(k) = k**2 - 8*k + 10. Let g be z(6). What is the tens digit of q(g)?
1
Let i(g) = -3 + 24 + g + 2*g - 4*g. Let z be i(10). Suppose m - 1 = z. What is the tens digit of m?
1
Suppose 0 = 5*i - 465 - 135. What is the hundreds digit of i?
1
Let j(n) = n**2 + 10*n + 31. Let r = -54 - -39. What is the hundreds digit of j(r)?
1
Let u = -29 - -37. Suppose -2*n - u = -4*n. Suppose 0 = -3*q - n*v + 71, -3*q + v = -2*v - 36. What is the tens digit of q?
1
Let z(d) = 257*d + 60. What is the tens digit of z(4)?
8
Let j = -32 - -38. Suppose 0*q - j*q + 198 = 0. What is the tens digit of q?
3
Let l(h) = 3*h**2 + h - 4. Let o be l(4). Suppose -4*m = f - o, 3*m + 5*f + 23 = 76. Suppose -10*x = -m*x + 12. What is the tens digit of x?
1
Let j(u) = -3*u - 15. Let c(y) = -4*y - 4. Let q be c(-5). Suppose -4*h - q = 2*n, h + 0*h = 5*n + 51. What is the tens digit of j(n)?
1
What is the hundreds digit of (-26)/104 + (-5933)/(-4)?
4
Let y(p) = -23*p + 23. What is the units digit of y(-25)?
8
Suppose 56*f - 29*f = 30159. What is the units digit of f?
7
Let k = 980 - -484. What is the hundreds digit of k?
4
Let p be 72/9*1*2. Suppose -p = -2*n + 2*j, -2*n + 5*j = n - 34. Suppose 0 = -u - 3*c + 8*c + 34, -5*c - 82 = -n*u. What is the tens digit of u?
2
Suppose 10967 = 18*s - 4945. What is the units digit of s?
4
Let a(p) = p**2 + 2*p - 5. Let d be a(-4). Let o be 130/(-39)*(-204)/10. Suppose o = 3*g + i, 4*g + 0*i = -d*i + 89. What is the units digit of g?
3
Let b(h) = h - 8. Let v be b(8). Let g = 53 + -25. Let r = g + v. What is the tens digit of r?
2
Suppose 0*w + 14*w - 140 = 0. What is the units digit of w/4*(0 - -24)?
0
Suppose 16 = 4*j, 28 = 4*n + 3*j + 8. Suppose -2*h - 4*z = z - 16, -n*z = 3*h - 24. What is the tens digit of 66/h*112/21?
4
Let w = 677 - -2781. What is the units digit of w?
8
Suppose 7*b - 6734 - 5810 = 0. What is the hundreds digit of b?
7
Let o = 3121 + -2215. What is the hundreds digit of o?
9
Let p = 45 + -14. Let j = -28 + p. Suppose j*k - 88 = -4*b, -2*b + 79 = b - k. What is the units digit of b?
5
Let n(x) = 2 - 5 - 6 - 5*x + 8. Let m be n(-1). What is the units digit of 28*1/(m/5)?
5
Let u(f) = 2*f - 10. Let h be u(14). What is the units digit of (h/4)/((-12)/(-72))?
7
Suppose 3*l = 1 - 118. What is the units digit of 12/(-9)*-3 - l?
3
Suppose -4*c + q + 7205 = 0, 41*c - 42*c + q = -1799. What is the tens digit of c?
0
Let r(y) = 24*y + 34. Let x be r(5). Suppose -2*v + 210 = -x. What is the hundreds digit of v?
1
Let l be ((-235)/(-10))/(2/(-16)). Let c = l + 274. What is the units digit of c?
6
What is the tens digit of (-10)/(-4) - 224458/(-52)?
1
Let h(g) = -g**3 - 2*g**2 - 4*g - 3. Let t be h(-2). Let j be ((-4 - -3) + t)*1. Suppose -5*s + 1 = -j*s. What is the units digit of s?
1
Let k be 1*(2 + -3)*-33. Let n(s) = -2*s - 11. Let b be n(4). Let l = k + b. What is the units digit of l?
4
Suppose 3*b = 3*r + r + 18, b - 6 = -3*r. What is the units digit of 4/b + 5984/24?
0
Let s = -132 - -224. Suppose -3*u - 127 = -2*w, -2*w - 2*u - 2*u = -s. What is the tens digit of w?
5
Suppose -2*c + 2*o + 8 = 0, -c = 2*c - 2*o - 10. Let x be (4/12 - c)*-72. Suppose 2*r = -0*r + x. What is the tens digit of r?
6
Let x(o) = 12*o**2 - 18*o + 7. Let d(r) = -12*r**2 + 18*r - 7. Let h(y) = -7*d(y) - 6*x(y). What is the units digit of h(5)?
7
Let w = 2336 - 1455. What is the tens digit of w?
8
Let n(j) = 3*j - 13. Let w be n(6). Suppose 121 = h - 5*x, -w*h + 2*x = 5*x - 493. What is the tens digit of h?
0
Let m be (-1)/(-1 - 2/(-4)). Let x(c) = 3*c + c**2 - 3 + 2*c - 3*c + c**3. What is the units digit of x(m)?
3
Let u = 897 + 580. What is the tens digit of u?
7
Suppose -5*o + 29 - 13 = -2*l, -o = -l - 5. Let b be 1/(-3) + (-1)/l. Suppose b = -0*d - 3*d + 24. What is the units digit of d?
8
Suppose -26 = -2*d + d + 4*c, -d + 22 = -3*c. Let s(h) be the second derivative of h**3/3 - 13*h**2/2 - 6*h - 1. What is the units digit of s(d)?
7
Suppose 1044 